{"id":5000,"date":"2021-02-19T22:52:11","date_gmt":"2021-02-19T20:52:11","guid":{"rendered":"https:\/\/www.jan-collezione.com\/producto\/calaveras\/"},"modified":"2022-10-04T18:53:15","modified_gmt":"2022-10-04T16:53:15","slug":"calaveras","status":"publish","type":"product","link":"https:\/\/www.jan-collezione.com\/en\/product\/calaveras\/","title":{"rendered":"Skulls"},"content":{"rendered":"<p>[et_pb_section fb_built=&#8221;1&#8243; _builder_version=&#8221;4.9.0&#8243; _module_preset=&#8221;default&#8221;][\/et_pb_section]<\/p>","protected":false},"excerpt":{"rendered":"<p><strong>100% flamed cotton T-shirt, premium quality.<\/strong>.<br \/>\nCasual\u00a0wear\u00a0T-shirt\u00a0line with that tad more scoundrel and transgressive aesthetic. On trend in Italy, with a free cut, that peculiar cut at the neck, low T-shirt and sleeves.\u00a0Twisting\u00a0the cotton thread creates small contrasting waters that, when dyed cold, make it peculiar and unique.<\/p>","protected":false},"featured_media":4262,"comment_status":"open","ping_status":"closed","template":"","meta":{"_et_pb_use_builder":"on","_et_pb_old_content":"<strong>Camiseta 100% algod\u00f3n flameado, calidad premium<\/strong>.\r\nT-shirts\u00a0casual\u00a0wear\u00a0acorde con esta est\u00e9tica, algo m\u00e1s canalla y transgresora. De tendencia en Italia, con un corte libre, ese corte peculiar al cuello, bajo camiseta y mangas. Al\u00a0torsionar\u00a0el\u00a0hilo\u00a0del algod\u00f3n crea unas peque\u00f1as aguas contrastadas que al\u00a0tintarla\u00a0en\u00a0fr\u00edo\u00a0la hace peculiar y \u00fanica. Entre las costuras de la prenda queda el color original de la camiseta con la peculiaridad de conseguir en cada una de ellas un acabado distinto y inigualable. Todas las fases las trabajamos con mucho mimo ya que queremos que sea casi perfecto.\r\n<ul>\r\n \t<li>Prenda te\u00f1ida despu\u00e9s de confeccionada, la apariencia de cada prenda puede variar, el color\u00a0 o dise\u00f1o puede borrarse, siga nuestra etiqueta de cuidado.<\/li>\r\n \t<li>Podr\u00eda haber peque\u00f1as diferencias de 1 a 3 cms. en las medidas de las camisetas en ancho o largo, debido a la confecci\u00f3n artesanal.<\/li>\r\n \t<li>Te aconsejamos que cojas una camiseta la cual uses y tomes las medidas que indicamos A-B-C, para pedir tu talla.<\/li>\r\n \t<li>Todos los cortes bajos de la camisetas son de corte libre, incluidos los colores azul y gris.<\/li>\r\n \t<li>Todos los dise\u00f1o se fusionando con el fondo del color de la camiseta, sali\u00e9ndose del t\u00edpico dise\u00f1os con recuadro.<\/li>\r\n \t<li>Gramage medio 160 gms aprox.<\/li>\r\n \t<li>Los colores reales de la prenda pueden variar en funci\u00f3n de la configuraci\u00f3n del dispositivo con las que este visualizando.<\/li>\r\n<\/ul>","_et_gb_content_width":""},"pwb-brand":[244],"product_brand":[],"product_cat":[208,178,188,182,29,68],"product_tag":[56,44,48,69],"class_list":{"0":"post-5000","1":"product","2":"type-product","3":"status-publish","4":"has-post-thumbnail","6":"pwb-brand-jan-collezione","7":"product_cat-calaveras","8":"product_cat-inorganicas","9":"product_cat-coleccion-2021-inorganicas","10":"product_cat-t-shirt","11":"product_cat-jan","12":"product_cat-unisex","13":"product_tag-azul","14":"product_tag-blanco","15":"product_tag-gris","16":"product_tag-negro","18":"first","19":"instock","20":"taxable","21":"shipping-taxable","22":"purchasable","23":"product-type-variable"},"jetpack_sharing_enabled":true,"brands":[{"id":244,"name":"Jan Collezione","slug":"jan-collezione"}],"_links":{"self":[{"href":"https:\/\/www.jan-collezione.com\/en\/wp-json\/wp\/v2\/product\/5000","targetHints":{"allow":["GET"]}}],"collection":[{"href":"https:\/\/www.jan-collezione.com\/en\/wp-json\/wp\/v2\/product"}],"about":[{"href":"https:\/\/www.jan-collezione.com\/en\/wp-json\/wp\/v2\/types\/product"}],"replies":[{"embeddable":true,"href":"https:\/\/www.jan-collezione.com\/en\/wp-json\/wp\/v2\/comments?post=5000"}],"wp:featuredmedia":[{"embeddable":true,"href":"https:\/\/www.jan-collezione.com\/en\/wp-json\/wp\/v2\/media\/4262"}],"wp:attachment":[{"href":"https:\/\/www.jan-collezione.com\/en\/wp-json\/wp\/v2\/media?parent=5000"}],"wp:term":[{"taxonomy":"pwb-brand","embeddable":true,"href":"https:\/\/www.jan-collezione.com\/en\/wp-json\/wp\/v2\/pwb-brand?post=5000"},{"taxonomy":"product_brand","embeddable":true,"href":"https:\/\/www.jan-collezione.com\/en\/wp-json\/wp\/v2\/product_brand?post=5000"},{"taxonomy":"product_cat","embeddable":true,"href":"https:\/\/www.jan-collezione.com\/en\/wp-json\/wp\/v2\/product_cat?post=5000"},{"taxonomy":"product_tag","embeddable":true,"href":"https:\/\/www.jan-collezione.com\/en\/wp-json\/wp\/v2\/product_tag?post=5000"}],"curies":[{"name":"wp","href":"https:\/\/api.w.org\/{rel}","templated":true}]}}

<strong>Camiseta 100% algodón flameado, calidad premium</strong>.
T-shirts casual wear acorde con esta estética, algo más canalla y transgresora. De tendencia en Italia, con un corte libre, ese corte peculiar al cuello, bajo camiseta y mangas. Al torsionar el hilo del algodón crea unas pequeñas aguas contrastadas que al tintarla en frío la hace peculiar y única. Entre las costuras de la prenda queda el color original de la camiseta con la peculiaridad de conseguir en cada una de ellas un acabado distinto y inigualable. Todas las fases las trabajamos con mucho mimo ya que queremos que sea casi perfecto.
<ul>
 	<li>Prenda teñida después de confeccionada, la apariencia de cada prenda puede variar, el color  o diseño puede borrarse, siga nuestra etiqueta de cuidado.</li>
 	<li>Podría haber pequeñas diferencias de 1 a 3 cms. en las medidas de las camisetas en ancho o largo, debido a la confección artesanal.</li>
 	<li>Te aconsejamos que cojas una camiseta la cual uses y tomes las medidas que indicamos A-B-C, para pedir tu talla.</li>
 	<li>Todos los cortes bajos de la camisetas son de corte libre, incluidos los colores azul y gris.</li>
 	<li>Todos los diseño se fusionando con el fondo del color de la camiseta, saliéndose del típico diseños con recuadro.</li>
 	<li>Gramage medio 160 gms aprox.</li>
 	<li>Los colores reales de la prenda pueden variar en función de la configuración del dispositivo con las que este visualizando.</li>
</ul>
