{"id":6212,"date":"2021-03-01T22:49:18","date_gmt":"2021-03-01T20:49:18","guid":{"rendered":"https:\/\/www.jan-collezione.com\/producto\/import-placeholder-for-tshirt-cubick-organic\/"},"modified":"2022-10-04T18:49:41","modified_gmt":"2022-10-04T16:49:41","slug":"cubick-organic","status":"publish","type":"product","link":"https:\/\/www.jan-collezione.com\/en\/product\/cubick-organic\/","title":{"rendered":"Cubick"},"content":{"rendered":"<p>[et_pb_section fb_built=&#8221;1&#8243; _builder_version=&#8221;4.9.0&#8243; _module_preset=&#8221;default&#8221;][\/et_pb_section]<\/p>","protected":false},"excerpt":{"rendered":"<p><strong>100% organic combed cotton t-shirt.<\/strong>.<br \/>\nIts natural colors with worn effects on the seams, double stitches on the sleeve and hem and at the same time a slightly tighter sleeve are the\u00a0coolest details.<\/p>","protected":false},"featured_media":6056,"comment_status":"open","ping_status":"closed","template":"","meta":{"_et_pb_use_builder":"on","_et_pb_old_content":"<strong>Camiseta algod\u00f3n org\u00e1nico 100% peinado<\/strong>.\r\nSus colores naturales con efectos desgastados en las costuras, dobles puntadas en manga y bajos, a la vez una manga algo m\u00e1s ajustada son detalles de los m\u00e1s cool. A diferencia de su hermana inorg\u00e1nica, vuestra T-shirts vintage con un patr\u00f3n m\u00e1s cl\u00e1sico y contempor\u00e1neo. Org\u00e1nico con certificaci\u00f3n GOTS, de la forma m\u00e1s responsable y \u00e9tica, con las mejores materias primas para no da\u00f1ar a las personas, los animales y al planeta. Siempre garantizando que, en nuestros tejidos no utilizamos ingredientes animales, y obteniendo el certificado VEGANO.\r\n<ul>\r\n \t<li>Prenda te\u00f1ida despu\u00e9s de confeccionada, la apariencia de cada prenda puede variar, el color\u00a0 o dise\u00f1o puede borrarse, siga nuestra etiqueta de cuidado.<\/li>\r\n \t<li>Podr\u00eda haber peque\u00f1as diferencias de 1 a 3 cms. en las medidas de las camisetas en ancho o largo, debido a la confecci\u00f3n artesanal.<\/li>\r\n \t<li>Te aconsejamos que cojas una camiseta la cual uses y tomes las medidas que indicamos A-B-C, para pedir tu talla.<\/li>\r\n \t<li>Cuello canal\u00e9 de 1 cts.<\/li>\r\n \t<li>Cinta bies en el interior del cuello.<\/li>\r\n \t<li>Todos los dise\u00f1o se fusionando con el fondo del color de la camiseta, sali\u00e9ndose del t\u00edpico dise\u00f1os con recuadro.<\/li>\r\n \t<li>Gramage medio 160 gms aprox.<\/li>\r\n \t<li>Los colores reales de la prenda pueden variar en funci\u00f3n de la configuraci\u00f3n del dispositivo con las que este visualizando.<\/li>\r\n<\/ul>","_et_gb_content_width":""},"pwb-brand":[244],"product_brand":[],"product_cat":[179,189,182,29,172,68],"product_tag":[201,204],"class_list":{"0":"post-6212","1":"product","2":"type-product","3":"status-publish","4":"has-post-thumbnail","6":"pwb-brand-jan-collezione","7":"product_cat-organicas","8":"product_cat-coleccion-2021-organicas","9":"product_cat-t-shirt","10":"product_cat-jan","11":"product_cat-cubick","12":"product_cat-unisex","13":"product_tag-gris-sepia","14":"product_tag-malva-envejecido","16":"first","17":"outofstock","18":"taxable","19":"shipping-taxable","20":"purchasable","21":"product-type-variable"},"jetpack_sharing_enabled":true,"brands":[{"id":244,"name":"Jan Collezione","slug":"jan-collezione"}],"_links":{"self":[{"href":"https:\/\/www.jan-collezione.com\/en\/wp-json\/wp\/v2\/product\/6212","targetHints":{"allow":["GET"]}}],"collection":[{"href":"https:\/\/www.jan-collezione.com\/en\/wp-json\/wp\/v2\/product"}],"about":[{"href":"https:\/\/www.jan-collezione.com\/en\/wp-json\/wp\/v2\/types\/product"}],"replies":[{"embeddable":true,"href":"https:\/\/www.jan-collezione.com\/en\/wp-json\/wp\/v2\/comments?post=6212"}],"wp:featuredmedia":[{"embeddable":true,"href":"https:\/\/www.jan-collezione.com\/en\/wp-json\/wp\/v2\/media\/6056"}],"wp:attachment":[{"href":"https:\/\/www.jan-collezione.com\/en\/wp-json\/wp\/v2\/media?parent=6212"}],"wp:term":[{"taxonomy":"pwb-brand","embeddable":true,"href":"https:\/\/www.jan-collezione.com\/en\/wp-json\/wp\/v2\/pwb-brand?post=6212"},{"taxonomy":"product_brand","embeddable":true,"href":"https:\/\/www.jan-collezione.com\/en\/wp-json\/wp\/v2\/product_brand?post=6212"},{"taxonomy":"product_cat","embeddable":true,"href":"https:\/\/www.jan-collezione.com\/en\/wp-json\/wp\/v2\/product_cat?post=6212"},{"taxonomy":"product_tag","embeddable":true,"href":"https:\/\/www.jan-collezione.com\/en\/wp-json\/wp\/v2\/product_tag?post=6212"}],"curies":[{"name":"wp","href":"https:\/\/api.w.org\/{rel}","templated":true}]}}

<strong>Camiseta algodón orgánico 100% peinado</strong>.
Sus colores naturales con efectos desgastados en las costuras, dobles puntadas en manga y bajos, a la vez una manga algo más ajustada son detalles de los más cool. A diferencia de su hermana inorgánica, vuestra T-shirts vintage con un patrón más clásico y contemporáneo. Orgánico con certificación GOTS, de la forma más responsable y ética, con las mejores materias primas para no dañar a las personas, los animales y al planeta. Siempre garantizando que, en nuestros tejidos no utilizamos ingredientes animales, y obteniendo el certificado VEGANO.
<ul>
 	<li>Prenda teñida después de confeccionada, la apariencia de cada prenda puede variar, el color  o diseño puede borrarse, siga nuestra etiqueta de cuidado.</li>
 	<li>Podría haber pequeñas diferencias de 1 a 3 cms. en las medidas de las camisetas en ancho o largo, debido a la confección artesanal.</li>
 	<li>Te aconsejamos que cojas una camiseta la cual uses y tomes las medidas que indicamos A-B-C, para pedir tu talla.</li>
 	<li>Cuello canalé de 1 cts.</li>
 	<li>Cinta bies en el interior del cuello.</li>
 	<li>Todos los diseño se fusionando con el fondo del color de la camiseta, saliéndose del típico diseños con recuadro.</li>
 	<li>Gramage medio 160 gms aprox.</li>
 	<li>Los colores reales de la prenda pueden variar en función de la configuración del dispositivo con las que este visualizando.</li>
</ul>
